{"id":2445,"date":"2021-07-29T12:25:47","date_gmt":"2021-07-29T05:25:47","guid":{"rendered":"https:\/\/khoahocthethao.vn\/?page_id=2445"},"modified":"2021-07-30T19:09:12","modified_gmt":"2021-07-30T12:09:12","slug":"thu-gian","status":"publish","type":"page","link":"https:\/\/khoahocthethao.vn\/index.php\/thu-gian\/","title":{"rendered":"Th\u01b0 gi\u00e3n"},"content":{"rendered":"\t\t<div data-elementor-type=\"wp-page\" data-elementor-id=\"2445\" class=\"elementor elementor-2445\">\n\t\t\t\t\t\t<section class=\"elementor-section elementor-top-section elementor-element elementor-element-0296039 elementor-section-boxed elementor-section-height-default elementor-section-height-default\" data-id=\"0296039\" data-element_type=\"section\" data-e-type=\"section\">\n\t\t\t\t\t\t<div class=\"elementor-container elementor-column-gap-default\">\n\t\t\t\t\t<div class=\"elementor-column elementor-col-100 elementor-top-column elementor-element elementor-element-56f819f\" data-id=\"56f819f\" data-element_type=\"column\" data-e-type=\"column\">\n\t\t\t<div class=\"elementor-widget-wrap elementor-element-populated\">\n\t\t\t\t\t\t<div class=\"elementor-element elementor-element-b20017c elementor-widget elementor-widget-heading\" data-id=\"b20017c\" data-element_type=\"widget\" data-e-type=\"widget\" data-widget_type=\"heading.default\">\n\t\t\t\t<div class=\"elementor-widget-container\">\n\t\t\t\t\t<h2 class=\"elementor-heading-title elementor-size-default\">Casual game<\/h2>\t\t\t\t<\/div>\n\t\t\t\t<\/div>\n\t\t\t\t\t<\/div>\n\t\t<\/div>\n\t\t\t\t\t<\/div>\n\t\t<\/section>\n\t\t\t\t<section class=\"elementor-section elementor-top-section elementor-element elementor-element-b62b38e elementor-section-boxed elementor-section-height-default elementor-section-height-default\" data-id=\"b62b38e\" data-element_type=\"section\" data-e-type=\"section\">\n\t\t\t\t\t\t<div class=\"elementor-container elementor-column-gap-default\">\n\t\t\t\t\t<div class=\"elementor-column elementor-col-100 elementor-top-column elementor-element elementor-element-fe5e3f2\" data-id=\"fe5e3f2\" data-element_type=\"column\" data-e-type=\"column\">\n\t\t\t<div class=\"elementor-widget-wrap elementor-element-populated\">\n\t\t\t\t\t\t<div class=\"elementor-element elementor-element-57a3f83 elementor-widget elementor-widget-text-editor\" data-id=\"57a3f83\" data-element_type=\"widget\" data-e-type=\"widget\" data-widget_type=\"text-editor.default\">\n\t\t\t\t<div class=\"elementor-widget-container\">\n\t\t\t\t\t\t\t\t\t<p>\u1ea4n Select Rom \u0111\u1ec3 ch\u1ecdn game<\/p><p>\u1ea4n chu\u1ed9t tr\u00e1i v\u00e0o m\u00e0n h\u00ecnh game<\/p><p>Di chuy\u1ec3n b\u1eb1ng ph\u00edm I,J,K,L<\/p><p>Ph\u00edm A,S thay cho ph\u00edm A,B tr\u00ean tay c\u1ea7m<\/p><p>Ph\u00edm P l\u1ef1a ch\u1ecdn gi\u1eefa 1 player v\u00e0 2 player<\/p><p>\u1ea4n Enter \u0111\u1ec3 ch\u1ecdn<\/p><p>\u00a0<\/p>\t\t\t\t\t\t\t\t<\/div>\n\t\t\t\t<\/div>\n\t\t\t\t\t<\/div>\n\t\t<\/div>\n\t\t\t\t\t<\/div>\n\t\t<\/section>\n\t\t\t\t<section class=\"elementor-section elementor-top-section elementor-element elementor-element-9224acb elementor-section-boxed elementor-section-height-default elementor-section-height-default\" data-id=\"9224acb\" data-element_type=\"section\" data-e-type=\"section\">\n\t\t\t\t\t\t<div class=\"elementor-container elementor-column-gap-default\">\n\t\t\t\t\t<div class=\"elementor-column elementor-col-100 elementor-top-column elementor-element elementor-element-ca6f6fc\" data-id=\"ca6f6fc\" data-element_type=\"column\" data-e-type=\"column\">\n\t\t\t<div class=\"elementor-widget-wrap elementor-element-populated\">\n\t\t\t\t\t\t<div class=\"elementor-element elementor-element-79d48e4 elementor-widget elementor-widget-shortcode\" data-id=\"79d48e4\" data-element_type=\"widget\" data-e-type=\"widget\" data-widget_type=\"shortcode.default\">\n\t\t\t\t<div class=\"elementor-widget-container\">\n\t\t\t\t\t\t\t<div class=\"elementor-shortcode\"><canvas id=\"retro-game-emulator-canvas\" width=\"256\" height=\"240\" style=\"width: 100%;display:none;margin-bottom:10px\"><\/canvas>\n<select id=\"retro-game-emulator-game-select\" class=\"form-control\">\n    <option>- Select Rom -<\/option>\n            <option value=\"https:\/\/khoahocthethao.vn\/wp-content\/uploads\/retro-game-emulator\/Aladdin (Unl).nes\">Aladdin (Unl).nes<\/option>\n            <option value=\"https:\/\/khoahocthethao.vn\/wp-content\/uploads\/retro-game-emulator\/Asterix (E).nes\">Asterix (E).nes<\/option>\n            <option value=\"https:\/\/khoahocthethao.vn\/wp-content\/uploads\/retro-game-emulator\/Bomberman (USA).nes\">Bomberman (USA).nes<\/option>\n            <option value=\"https:\/\/khoahocthethao.vn\/wp-content\/uploads\/retro-game-emulator\/Bomberman II (USA).nes\">Bomberman II (USA).nes<\/option>\n            <option value=\"https:\/\/khoahocthethao.vn\/wp-content\/uploads\/retro-game-emulator\/Captain America and the Avengers (USA).nes\">Captain America and the Avengers (USA).nes<\/option>\n            <option value=\"https:\/\/khoahocthethao.vn\/wp-content\/uploads\/retro-game-emulator\/Contra.nes\">Contra.nes<\/option>\n            <option value=\"https:\/\/khoahocthethao.vn\/wp-content\/uploads\/retro-game-emulator\/Kirby's Adventure (USA) (Rev 1).nes\">Kirby's Adventure (USA) (Rev 1).nes<\/option>\n            <option value=\"https:\/\/khoahocthethao.vn\/wp-content\/uploads\/retro-game-emulator\/Mega Man 6 (USA).nes\">Mega Man 6 (USA).nes<\/option>\n            <option value=\"https:\/\/khoahocthethao.vn\/wp-content\/uploads\/retro-game-emulator\/Mortal Kombat 4.nes\">Mortal Kombat 4.nes<\/option>\n            <option value=\"https:\/\/khoahocthethao.vn\/wp-content\/uploads\/retro-game-emulator\/Nintendo World Cup (USA).nes\">Nintendo World Cup (USA).nes<\/option>\n            <option value=\"https:\/\/khoahocthethao.vn\/wp-content\/uploads\/retro-game-emulator\/Pac-Man (USA) (Namco).nes\">Pac-Man (USA) (Namco).nes<\/option>\n            <option value=\"https:\/\/khoahocthethao.vn\/wp-content\/uploads\/retro-game-emulator\/Rambo (USA) (Rev 1).nes\">Rambo (USA) (Rev 1).nes<\/option>\n            <option value=\"https:\/\/khoahocthethao.vn\/wp-content\/uploads\/retro-game-emulator\/Simpsons, The - Bart vs. the Space Mutants (USA) (Rev 1).nes\">Simpsons, The - Bart vs. the Space Mutants (USA) (Rev 1).nes<\/option>\n            <option value=\"https:\/\/khoahocthethao.vn\/wp-content\/uploads\/retro-game-emulator\/Simpsons, The - Bart vs. the World (USA).nes\">Simpsons, The - Bart vs. the World (USA).nes<\/option>\n            <option value=\"https:\/\/khoahocthethao.vn\/wp-content\/uploads\/retro-game-emulator\/Super Mario Bros 2000 (SMB1 Hack).nes\">Super Mario Bros 2000 (SMB1 Hack).nes<\/option>\n            <option value=\"https:\/\/khoahocthethao.vn\/wp-content\/uploads\/retro-game-emulator\/Super Mario Bros. 2 (USA) (Rev 1).nes\">Super Mario Bros. 2 (USA) (Rev 1).nes<\/option>\n            <option value=\"https:\/\/khoahocthethao.vn\/wp-content\/uploads\/retro-game-emulator\/Super Mario Bros. 3 (USA) (Rev 1).nes\">Super Mario Bros. 3 (USA) (Rev 1).nes<\/option>\n            <option value=\"https:\/\/khoahocthethao.vn\/wp-content\/uploads\/retro-game-emulator\/Tetris (USA) (Tengen) (Unl).nes\">Tetris (USA) (Tengen) (Unl).nes<\/option>\n    <\/select>\n<h3>Controls<\/h3>\n<table>\n   <tr>\n        <td>Tr\u00e1i<\/td>\n        <td>J<\/td>\n        <td>Num-4<\/td>\n    <tr>\n        <td>Ph\u1ea3i<\/td>\n        <td>L<\/td>\n        <td>Num-6<\/td>\n    <\/tr>\n    <tr>\n        <td>Up<\/td>\n        <td>I<\/td>\n        <td>Num-8<\/td>\n    <\/tr>\n    <tr>\n        <td>Down<\/td>\n        <td>K<\/td>\n        <td>Num-2<\/td>\n    <\/tr>\n    <tr>\n        <td>A<\/td>\n        <td>A<\/td>\n        <td>Num-7<\/td>\n    <\/tr>\n    <tr>\n        <td>B<\/td>\n        <td>S<\/td>\n        <td>Num-9<\/td>\n    <\/tr>\n    <tr>\n        <td>Start<\/td>\n        <td>Enter<\/td>\n        <td>Num-1<\/td>\n    <\/tr>\n    <tr>\n        <td>Ch\u1ecdn<\/td>\n        <td>P<\/td>\n        <td>Num-3<\/td>\n    <\/tr>\n<\/table>\n<\/div>\n\t\t\t\t\t\t<\/div>\n\t\t\t\t<\/div>\n\t\t\t\t\t<\/div>\n\t\t<\/div>\n\t\t\t\t\t<\/div>\n\t\t<\/section>\n\t\t\t\t<section class=\"elementor-section elementor-top-section elementor-element elementor-element-9987a51 elementor-section-boxed elementor-section-height-default elementor-section-height-default\" data-id=\"9987a51\" data-element_type=\"section\" data-e-type=\"section\">\n\t\t\t\t\t\t<div class=\"elementor-container elementor-column-gap-default\">\n\t\t\t\t\t<div class=\"elementor-column elementor-col-100 elementor-top-column elementor-element elementor-element-a6e83c3\" data-id=\"a6e83c3\" data-element_type=\"column\" data-e-type=\"column\">\n\t\t\t<div class=\"elementor-widget-wrap elementor-element-populated\">\n\t\t\t\t\t\t<div class=\"elementor-element elementor-element-8a741b6 elementor-widget elementor-widget-facebook-button\" data-id=\"8a741b6\" data-element_type=\"widget\" data-e-type=\"widget\" data-widget_type=\"facebook-button.default\">\n\t\t\t\t<div class=\"elementor-widget-container\">\n\t\t\t\t\t \t\t\t\t<\/div>\n\t\t\t\t<\/div>\n\t\t\t\t\t<\/div>\n\t\t<\/div>\n\t\t\t\t\t<\/div>\n\t\t<\/section>\n\t\t\t\t<section class=\"elementor-section elementor-top-section elementor-element elementor-element-d6c23bf elementor-section-boxed elementor-section-height-default elementor-section-height-default\" data-id=\"d6c23bf\" data-element_type=\"section\" data-e-type=\"section\">\n\t\t\t\t\t\t<div class=\"elementor-container elementor-column-gap-default\">\n\t\t\t\t\t<div class=\"elementor-column elementor-col-100 elementor-top-column elementor-element elementor-element-1798e29\" data-id=\"1798e29\" data-element_type=\"column\" data-e-type=\"column\">\n\t\t\t<div class=\"elementor-widget-wrap elementor-element-populated\">\n\t\t\t\t\t\t<div class=\"elementor-element elementor-element-173631a elementor-widget elementor-widget-facebook-comments\" data-id=\"173631a\" data-element_type=\"widget\" data-e-type=\"widget\" data-widget_type=\"facebook-comments.default\">\n\t\t\t\t<div class=\"elementor-widget-container\">\n\t\t\t\t\t \t\t\t\t<\/div>\n\t\t\t\t<\/div>\n\t\t\t\t\t<\/div>\n\t\t<\/div>\n\t\t\t\t\t<\/div>\n\t\t<\/section>\n\t\t\t\t<\/div>\n\t\t","protected":false},"excerpt":{"rendered":"<p>Casual game \u1ea4n Select Rom \u0111\u1ec3 ch\u1ecdn game \u1ea4n chu\u1ed9t tr\u00e1i v\u00e0o m\u00e0n h\u00ecnh game Di chuy\u1ec3n b\u1eb1ng ph\u00edm I,J,K,L Ph\u00edm A,S thay cho ph\u00edm A,B tr\u00ean tay c\u1ea7m Ph\u00edm P l\u1ef1a ch\u1ecdn gi\u1eefa 1 player v\u00e0 2 player \u1ea4n&hellip;&nbsp;<a href=\"https:\/\/khoahocthethao.vn\/index.php\/thu-gian\/\" class=\"more-link\">Read More<\/a><\/p>\n","protected":false},"author":1,"featured_media":0,"parent":0,"menu_order":0,"comment_status":"closed","ping_status":"closed","template":"","meta":{"wprm-recipe-roundup-name":"","wprm-recipe-roundup-description":"","footnotes":""},"class_list":["post-2445","page","type-page","status-publish","hentry"],"_links":{"self":[{"href":"https:\/\/khoahocthethao.vn\/index.php\/wp-json\/wp\/v2\/pages\/2445","targetHints":{"allow":["GET"]}}],"collection":[{"href":"https:\/\/khoahocthethao.vn\/index.php\/wp-json\/wp\/v2\/pages"}],"about":[{"href":"https:\/\/khoahocthethao.vn\/index.php\/wp-json\/wp\/v2\/types\/page"}],"author":[{"embeddable":true,"href":"https:\/\/khoahocthethao.vn\/index.php\/wp-json\/wp\/v2\/users\/1"}],"replies":[{"embeddable":true,"href":"https:\/\/khoahocthethao.vn\/index.php\/wp-json\/wp\/v2\/comments?post=2445"}],"version-history":[{"count":85,"href":"https:\/\/khoahocthethao.vn\/index.php\/wp-json\/wp\/v2\/pages\/2445\/revisions"}],"predecessor-version":[{"id":2548,"href":"https:\/\/khoahocthethao.vn\/index.php\/wp-json\/wp\/v2\/pages\/2445\/revisions\/2548"}],"wp:attachment":[{"href":"https:\/\/khoahocthethao.vn\/index.php\/wp-json\/wp\/v2\/media?parent=2445"}],"curies":[{"name":"wp","href":"https:\/\/api.w.org\/{rel}","templated":true}]}}