{"id":3704,"date":"2022-06-03T16:37:28","date_gmt":"2022-06-03T09:37:28","guid":{"rendered":"https:\/\/khoahocthethao.vn\/?page_id=3704"},"modified":"2022-06-03T19:03:40","modified_gmt":"2022-06-03T12:03:40","slug":"u23-afc-2022","status":"publish","type":"page","link":"https:\/\/khoahocthethao.vn\/index.php\/u23-afc-2022\/","title":{"rendered":"U23 AFC 2022"},"content":{"rendered":"\t\t<div data-elementor-type=\"wp-page\" data-elementor-id=\"3704\" class=\"elementor elementor-3704\">\n\t\t\t\t\t\t<section class=\"elementor-section elementor-top-section elementor-element elementor-element-afd7450 elementor-section-boxed elementor-section-height-default elementor-section-height-default\" data-id=\"afd7450\" data-element_type=\"section\" data-e-type=\"section\">\n\t\t\t\t\t\t<div class=\"elementor-container elementor-column-gap-default\">\n\t\t\t\t\t<div class=\"elementor-column elementor-col-100 elementor-top-column elementor-element elementor-element-f8bfe52\" data-id=\"f8bfe52\" data-element_type=\"column\" data-e-type=\"column\">\n\t\t\t<div class=\"elementor-widget-wrap elementor-element-populated\">\n\t\t\t\t\t\t<div class=\"elementor-element elementor-element-c835913 elementor-widget elementor-widget-heading\" data-id=\"c835913\" data-element_type=\"widget\" data-e-type=\"widget\" data-widget_type=\"heading.default\">\n\t\t\t\t<div class=\"elementor-widget-container\">\n\t\t\t\t\t<h2 class=\"elementor-heading-title elementor-size-default\">Gi\u1ea3i U23 Ch\u00e2u \u00c1 2022<\/h2>\t\t\t\t<\/div>\n\t\t\t\t<\/div>\n\t\t\t\t\t<\/div>\n\t\t<\/div>\n\t\t\t\t\t<\/div>\n\t\t<\/section>\n\t\t\t\t<section class=\"elementor-section elementor-top-section elementor-element elementor-element-bd43873 elementor-section-boxed elementor-section-height-default elementor-section-height-default\" data-id=\"bd43873\" data-element_type=\"section\" data-e-type=\"section\">\n\t\t\t\t\t\t<div class=\"elementor-container elementor-column-gap-default\">\n\t\t\t\t\t<div class=\"elementor-column elementor-col-100 elementor-top-column elementor-element elementor-element-cf3625c\" data-id=\"cf3625c\" data-element_type=\"column\" data-e-type=\"column\">\n\t\t\t<div class=\"elementor-widget-wrap elementor-element-populated\">\n\t\t\t\t\t\t<div class=\"elementor-element elementor-element-33cd728 elementor-widget elementor-widget-text-editor\" data-id=\"33cd728\" data-element_type=\"widget\" data-e-type=\"widget\" data-widget_type=\"text-editor.default\">\n\t\t\t\t<div class=\"elementor-widget-container\">\n\t\t\t\t\t\t\t\t\t<p><strong>Th\u00f4ng s\u1ed1 v\u00f2ng 1\u00a0<\/strong><\/p>\t\t\t\t\t\t\t\t<\/div>\n\t\t\t\t<\/div>\n\t\t\t\t\t<\/div>\n\t\t<\/div>\n\t\t\t\t\t<\/div>\n\t\t<\/section>\n\t\t\t\t<section class=\"elementor-section elementor-top-section elementor-element elementor-element-162a6da elementor-section-boxed elementor-section-height-default elementor-section-height-default\" data-id=\"162a6da\" data-element_type=\"section\" data-e-type=\"section\">\n\t\t\t\t\t\t<div class=\"elementor-container elementor-column-gap-default\">\n\t\t\t\t\t<div class=\"elementor-column elementor-col-100 elementor-top-column elementor-element elementor-element-61de6d0\" data-id=\"61de6d0\" data-element_type=\"column\" data-e-type=\"column\">\n\t\t\t<div class=\"elementor-widget-wrap elementor-element-populated\">\n\t\t\t\t\t\t<div class=\"elementor-element elementor-element-6a09ea3 elementor-widget elementor-widget-html\" data-id=\"6a09ea3\" data-element_type=\"widget\" data-e-type=\"widget\" data-widget_type=\"html.default\">\n\t\t\t\t<div class=\"elementor-widget-container\">\n\t\t\t\t\t<html>\r\n     <div class='container1'>\r\n  <div class=\"playerBox\">\r\n    <svg class='playerList' viewBox='0 0 850 200' width='1200px' height='200px'>\r\n      <defs>\r\n        <clipPath id='clipS'>\r\n          <rect width='200' height='200' rx='0' ry='10'\/>\r\n        <\/clipPath>\r\n        <clipPath id='clipR'>\r\n          <rect x='225' width='200' height='200' rx='10' ry='10'\/>\r\n        <\/clipPath>\r\n        <clipPath id='clipP'>\r\n          <rect x='450' width='200' height='200' rx='10' ry='10'\/>\r\n        <\/clipPath>\r\n        <clipPath id='clipF'>\r\n          <rect x='675' width='200' height='200' rx='10' ry='10'\/>\r\n        <\/clipPath>\r\n        <filter id='shadow'>\r\n          <feGaussianBlur in='SourceAlpha' stdDeviation='2' result='flou'\/>\r\n          <feOffset in='flou' dx='2' dy='2' result='shad'\/>\r\n          <feMerge>\r\n            <feMergeNode in='shad'\/>\r\n            <feMergeNode in='SourceGraphic'\/>\r\n          <\/feMerge>\r\n        <\/filter>\r\n        <filter id='grayscale'>\r\n          <feColorMatrix id='matrixFilter' type='matrix' values='0 1 0 0 0 0 1 0 0 0 0 1 0 0 0 0 0 0 .4 0'\/>\r\n        <\/filter>\r\n      <\/defs>\r\n      <image id='imageTwo' class='grayscale otherPlayer two' xlink:href='https:\/\/upload.wikimedia.org\/wikipedia\/vi\/3\/3d\/Logo_Li%C3%AAn_%C4%91o%C3%A0n_b%C3%B3ng_%C4%91%C3%A1_Vi%E1%BB%87t_Nam.png' width='200' height='200' preserveAspectRatio='xMidYMin slice' style='clip-path:url(#clipS)'\/>\r\n      <image id='imageOne' class='grayscale otherPlayer one' xlink:href='https:\/\/upload.wikimedia.org\/wikipedia\/en\/a\/a1\/Thailand_national_football_team_logo%2C_March_2018.png' x='225' width='200' height='200' preserveAspectRatio='xMidYM slice' style='clip-path: url(#clipR)'\/>\r\n      <image id='imageThree' class='grayscale otherPlayer three' xlink:href='https:\/\/upload.wikimedia.org\/wikipedia\/vi\/f\/f8\/South_Korea_national_football_team.png' x='450' width='200' height='200' preserveAspectRatio='xMidYmid slice' style='clip-path:url(#clipP)'\/>\r\n      <image id='imageFour' class='grayscale otherPlayer four' xlink:href='https:\/\/upload.wikimedia.org\/wikipedia\/vi\/a\/ab\/Football_Association_of_Malaysia_crest.svg' x='675' width='200' height='200' preserveAspectRatio='xMidYMin slice' style='clip-path:url(#clipF)'\/>\r\n      <line class='two playerLine' x1='0' y1='145' x2='130' y2='145'\/>\r\n      <line class='two playerLine' x1='200' y1='185' x2='70' y2='185'\/>\r\n      <line class='one playerLine' x1='225' y1='145' x2='355' y2='145'\/>\r\n      <line class='one playerLine' x1='425' y1='185' x2='295' y2='185'\/>\r\n      <line class='three playerLine' x1='450' y1='145' x2='580' y2='145'\/>\r\n      <line class='three playerLine' x1='650' y1='185' x2='520' y2='185'\/>\r\n      <line class='four playerLine' x1='675' y1='145' x2='805' y2='145'\/>\r\n      <line class='four playerLine' x1='875' y1='185' x2='745' y2='185'\/>\r\n      <g class='playerName'>\r\n        <rect class='transparent playerName otherPlayer two' width='200' height='40' y='145'\/>\r\n        <text class='transparent playerName otherPlayer two' x='100' y='170'>Vi\u1ec7t Nam<\/text>\r\n      <\/g>\r\n      <g class='playerName'>\r\n        <rect class='transparent playerName otherPlayer one' width='200' height='40' x='225' y='145'\/>\r\n        <text class='transparent playerName otherPlayer one' x='325' y='170'>Th\u00e1i Lan<\/text>\r\n      <\/g>\r\n      <g class='playerName'>\r\n        <rect class='transparent playerName otherPlayer three' width='200' height='40' x='450' y='145'\/>\r\n        <text class='transparent playerName otherPlayer three' x='550' y='170'>H\u00e0n Qu\u1ed1c<\/text>\r\n      <\/g>\r\n      <g class='playerName'>\r\n        <rect class='transparent playerName otherPlayer four' width='200' height='40' x='675' y='145'\/>\r\n        <text class='transparent playerName otherPlayer four' x='775' y='170'>Malaysia<\/text>\r\n      <\/g>\r\n    <\/svg>\r\n  <\/div>\r\n  <div class='player'>\r\n    <svg class='chartInfos' viewBox='0 0 250 250' width='100%' height='250px'>\r\n      <text x='125' y='9'>sb<\/text>\r\n      <text class='textStats' x='125' y='22'>0<\/text>\r\n      <text x='230' y='60'>cb<\/text>\r\n      <text class='textStats' x='225' y='75'>0<\/text>\r\n      <text x='230' y='200'>t\u1ea1t<\/text>\r\n      <text class='textStats' x='225' y='185'>0<\/text>\r\n      <text x='125' y='250'>tc<\/text>\r\n      <text class='textStats' x='125' y='237'>0<\/text>\r\n      <text x='20' y='200'>t\u1eafc<\/text>\r\n      <text class='textStats' x=25 y='185'>0<\/text>\r\n      <text x='20' y='60'>tctk<\/text>\r\n      <text class='textStats' x='25' y='75'>0<\/text>\r\n      <svg id='chart' viewBox='0 0 200 200' width='200px' height='200px' x='25' y='25'>\r\n        <g id='grid' style='stroke:hsla(0, 100%, 100%, .3);'>\r\n          <defs>\r\n            <polygon id='polygon' points='100,100 100,100 100,100 100,100 100,100 100,100'\/>\r\n            <marker style='fill:red;' id='markerCircle' markerWidth='4' markerHeight='4' refX='2' refY='2'>\r\n                <circle cx='2' cy='2' r='2' style='stroke:none; fill:hsla(180, 70%, 70%, 1)'>\r\n            <\/marker>\r\n          <\/defs>\r\n          <line id='l1' x1='100' y1='0' x2='100' y2='200'\/>\r\n          <line id='l2' x1='100' y1='0' x2='100' y2='200'\/>\r\n          <line id='l3' x1='100' y1='0' x2='100' y2='200'\/>\r\n          <use xlink:href='#polygon' id='p1'\/>\r\n          <use xlink:href='#polygon' id='p2'\/>\r\n          <use xlink:href='#polygon' id='p3'\/>\r\n          <use xlink:href='#polygon' id='p4'\/>\r\n        <\/g>\r\n      <\/svg>\r\n    <\/svg>\r\n  <\/div>\r\n<\/div> \r\n <style>\r\n     \r\n  \r\n\r\ntext{\r\n  text-anchor: middle;\r\n  font: .8em 'Ek Mukta', sans-serif;\r\n  fill: hsla(0, 100%, 100%, .3);\r\n  stroke: none;\r\n  text-transform: uppercase;\r\n}\r\n.chartInfos{\r\n  background: gray;\r\n}\r\n.playerBox{\r\n  width: 100%;\r\n  display: flex;\r\n  justify-content: center;\r\n}  \r\n.otherPlayer{\r\n  transition: opacity .25s ease;\r\n  opacity: 1;\r\n  cursor: pointer;\r\n}  \r\n.playerList{\r\n  filter: url(#shadow);\r\n}  \r\n.playerName{\r\n  cursor: pointer;}\r\n  text{\r\n    font: .9em 'Ek Mukta', sans-serif;\r\n    fill :hsla(0, 100%, 100%, 1);\r\n  rect{\r\n    fill: hsla(0, 100%, 0%, .3);}\r\n  }}    \r\n.playerLine{\r\n  stroke: #fff;\r\n  stroke-dasharray: 130 130;\r\n  transition: stroke-dashoffset .1s ease;\r\n  stroke-dashoffset: 130;\r\n}  \r\n.playerLineShow{\r\n  transition: stroke-dashoffset .4s ease;\r\n  stroke-dashoffset: 0;\r\n}  \r\n.textStats{\r\n  color:black;\r\n  fill: hsla(180, 70%, 70%, .5);\r\n}  \r\n.container1{\r\n  background-color: gray;\r\n  top: 0;\r\n  left: 0;\r\n  bottom: 0;\r\n  right: 0;\r\n}  \r\n  \r\n#polygon {\r\n  fill: none;\r\n}\r\n\r\n#p2{\r\n  transform :translate(25px, 25px) scale(.75);}\r\n#p3{\r\n   transform: translate(50px, 50px) scale(.5);\r\n  }\r\n#p4{\r\n  transform: translate(75px, 75px) scale(.25);}\r\n  \r\n#l2{\r\n  transform-origin: 50% 50%;\r\n  transform: rotate(60deg);\r\n  }\r\n#l3{\r\n  transform-origin: 50% 50%;\r\n  transform: rotate(-60deg);\r\n} \r\n  .transparent{\r\n  transition: opacity .25s ease;\r\n  opacity: 0;\r\n  }\r\n.grayscale{\r\n    filter:url(#grayscale);}\r\n  \r\n\r\n<\/style>\r\n <script>\r\n     \r\n\r\nfunction Player(options) {\r\n  this.averageStats = [];\r\n  this.infos = options.infos;\r\n  this.stats = options.stats;\r\n}\r\n\r\nPlayer.prototype.averageCategoryStats = function averageStats(category) {\r\n  var ar = [];\r\n  for (var i in this.stats[category]) {\r\n    ar.push(this.stats[category][i]);\r\n  }\r\n  var total = ar.reduce(function (prev, stat) {\r\n    return (prev + stat);\r\n  });\r\n  return Math.round(total\/ar.length);\r\n};\r\n\r\n\r\n\/\/ Chart manipulation\r\nvar polygon = document.getElementById('polygon'),\r\n    r = 100,\r\n    sin30 = 1\/2,\r\n    cos30 = Math.sqrt(3)\/2,\r\n    Points = {\r\n      x: [1, 1 + cos30, 1 + cos30, 1, 1 - cos30, 1 - cos30],\r\n      y: [0, sin30, 1 + sin30, 2, 1 + sin30, sin30],\r\n    },\r\n    playerPoints = {\r\n  x: [0, cos30, cos30, 0, -cos30, -cos30],\r\n  y: [0, -sin30, sin30, 1, sin30, -sin30],\r\n};\r\n    \r\n\r\nfor (var i = 0; i < polygon.points.numberOfItems; i++) {\r\n  polygon.points.getItem(i).x = Points.x[i] * r;\r\n  polygon.points.getItem(i).y = Points.y[i] * r;\r\n}\r\n\r\nvar svg = document.getElementById('chart'),\r\n    playerHexagon = document.createElementNS('http:\/\/www.w3.org\/2000\/svg', 'polygon');\r\n\r\nplayerHexagon.setAttribute('id', 'playerHexagon');\r\nplayerHexagon.setAttribute('points', '100,100 100,100 100,100 100,100 100,100 100,100');\r\nplayerHexagon.setAttribute('style', 'stroke:hsla(180, 70%, 70%, 1); fill:hsla(180, 70%, 70%, .5); marker-start: url(#markerCircle); marker-mid: url(#markerCircle);');\r\nsvg.appendChild(playerHexagon);\r\n\r\n\r\n\/\/ one creation\r\nvar one=new Player({\r\n  infos: {\r\n    photo: '',\r\n    name: 'one',\r\n    team: 'VN',\r\n  },\r\n  stats: {\r\n    attacking: {\r\n      'sb':33,\r\n    },\r\n    skill: {\r\n      'cb':85,\r\n    },\r\n    movement: {\r\n      'tb': 0,\r\n      \r\n    },\r\n    power: {\r\n      'rb': 54,\r\n      \r\n    },\r\n    mentaly: {\r\n      'tc': 60,\r\n      \r\n    },\r\n    defending: {\r\n      'hs': 47,\r\n      \r\n    }\r\n  }\r\n});\r\n\r\n\/\/ Two creation\r\nvar two = new Player({\r\n  infos: {\r\n    photo: '',\r\n    name: 'two',\r\n    team: 'VN',\r\n  },\r\n  stats: {\r\n    attacking: {\r\n      'sb': 37,\r\n   \r\n    },\r\n    skill: {\r\n      'cb': 74,\r\n     \r\n    },\r\n    movement: {\r\n      'tb': 20,\r\n      \r\n    },\r\n    power: {\r\n      'rb': 45,\r\n      \r\n    },\r\n    mentaly: {\r\n      'tc': 57.9,\r\n      \r\n    },\r\n    defending: {\r\n      'hs': 52,\r\n      \r\n    }\r\n  }\r\n});\r\n\r\n\/\/ Three Creation\r\nvar three = new Player({\r\n  infos: {\r\n   \r\n    name: 'three',\r\n    team: 'Indo',\r\n  \r\n  },\r\n  stats: {\r\n    attacking: {\r\n      'sb': 36,\r\n      \r\n    },\r\n    skill: {\r\n      'cb': 90,\r\n     \r\n    },\r\n    movement: {\r\n      'tb': 37,\r\n      \r\n    },\r\n    power: {\r\n      'rb': 55,\r\n      \r\n    },\r\n    mentaly: {\r\n      'tc': 67,\r\n     \r\n    },\r\n    defending: {\r\n      'hs': 67,\r\n      \r\n    }\r\n  }\r\n});\r\n\r\n\/\/Four creation\r\nvar four=new Player({\r\n  infos: {\r\n    \r\n    name: 'four',\r\n    team: 'sg',\r\n    \r\n  },\r\n  stats: {\r\n    attacking: {\r\n      'sb':25,\r\n    },\r\n    skill: {\r\n      'cb':72,\r\n    },\r\n    movement: {\r\n      'tb': 0,\r\n      \r\n    },\r\n    power: {\r\n      'rb': 45,\r\n     \r\n    },\r\n    mentaly: {\r\n      'tc': 74,\r\n      \r\n    },\r\n    defending: {\r\n      'hs': 33,\r\n    \r\n    }\r\n  }\r\n});\r\nvar currentPlayerAllStats = [0,0,0,0,0,0],\r\n  newPlayerAllStats = [0,0,0,0,0,0],\r\n  otherPlayer = document.getElementsByClassName('otherPlayer'),\r\n  otherPlayerArray = Array.prototype.slice.call(otherPlayer),\r\n  playerLine = document.getElementsByClassName('playerLine'),\r\n  playerLineArray = Array.prototype.slice.call(playerLine);\r\n\r\notherPlayerArray.forEach(function(player) {\r\n  player.addEventListener('click', runStats);\r\n  player.addEventListener('mouseenter', displayName);\r\n  player.addEventListener('mouseleave', displayName);\r\n});\r\n\r\n\/\/ This below function is so dirty and repetitive, I should refactor it\r\nfunction displayName(event) {\r\n  playerLineArray.forEach(function(line) {\r\n    if (event.target.classList.contains('two')){\r\n      if (line.classList.contains('two')) {\r\n        line.classList.toggle('playerLineShow');\r\n      }\r\n    } else if (event.target.classList.contains('one')) {\r\n      if (line.classList.contains('one')) {\r\n        line.classList.toggle('playerLineShow');\r\n      }\r\n    } else if (event.target.classList.contains('three')) {\r\n      if (line.classList.contains('three')) {\r\n        line.classList.toggle('playerLineShow');\r\n      }\r\n    }else if (event.target.classList.contains('four')) {\r\n      if (line.classList.contains('four')) {\r\n        line.classList.toggle('playerLineShow');\r\n      }\r\n    }\r\n  });\r\n  \r\n  otherPlayerArray.forEach(function(el) {\r\n    if (el.classList.contains('playerName')) {\r\n      if (event.target.classList.contains('two') && el.classList.contains('two')){\r\n        event.type == 'mouseleave' ? el.classList.add('transparent') : el.classList.remove('transparent');\r\n      }\r\n      if (event.target.classList.contains('one') && el.classList.contains('one')){\r\n        event.type == 'mouseleave' ? el.classList.add('transparent') : el.classList.remove('transparent');\r\n      }\r\n      if (event.target.classList.contains('three') && el.classList.contains('three')){\r\n        event.type == 'mouseleave' ? el.classList.add('transparent') : el.classList.remove('transparent');\r\n      }\r\n      if (event.target.classList.contains('four') && el.classList.contains('four')){\r\n        event.type == 'mouseleave' ? el.classList.add('transparent') : el.classList.remove('transparent');\r\n      }  \r\n    }\r\n  });\r\n}\r\n\r\n\r\nfunction runStats(event) {\r\n  if (event.target.classList.contains('two')) {\r\n    newPlayerAllStats = two.averageStats;\r\n    removeFilter('imageTwo');\r\n  } else if (event.target.classList.contains('one')) {\r\n    newPlayerAllStats = one.averageStats;\r\n    removeFilter('imageOne');\r\n  } else if (event.target.classList.contains('three')) {\r\n    newPlayerAllStats = three.averageStats;\r\n    removeFilter('imageThree');\r\n  } else if (event.target.classList.contains('four')) {\r\n    newPlayerAllStats = four.averageStats;\r\n    removeFilter('imageFour');\r\n  } \r\n}\r\n\r\nvar playerImages = document.getElementsByTagName('image'),\r\n    playerImagesArray = Array.prototype.slice.call(playerImages);\r\n\r\nfunction removeFilter(playerImage) {\r\n  playerImagesArray.forEach(function(image) {\r\n    image.id == playerImage ? image.classList.remove('grayscale') : image.classList.add('grayscale');\r\n  })\r\n}\r\n\r\n\r\nfunction drawPlayerStats(playerStats) {\r\n  for (var i = 0; i < playerHexagon.points.numberOfItems; i++) {\r\n    playerHexagon.points.getItem(i).x = r + playerPoints.x[i] * playerStats[i];\r\n    if (i === 0) {\r\n      playerHexagon.points.getItem(i).y = r - playerStats[i];\r\n    } else {\r\n      playerHexagon.points.getItem(i).y = r + playerPoints.y[i] * playerStats[i];\r\n    } \r\n  }\r\n}\r\n\r\n\r\nfunction getPlayerStats(player) {\r\n  for (var category in player.stats) {\r\n    player.averageStats.push(player.averageCategoryStats(category));\r\n  }\r\n}\r\n\r\nvar textStats = document.getElementsByClassName('textStats'),\r\ntextStatsArray = Array.prototype.slice.call(textStats);\r\n\r\nfunction anim() {\r\n  currentPlayerAllStats.forEach(function(element, index) {\r\n    if (currentPlayerAllStats[index] > newPlayerAllStats[index]) {\r\n      currentPlayerAllStats[index]--;\r\n      textStatsArray[index].textContent -= 1;\r\n    } else if (currentPlayerAllStats[index] < newPlayerAllStats[index]) {\r\n      currentPlayerAllStats[index]++;\r\n      textStatsArray[index].textContent = Number(textStatsArray[index].textContent) + 1;\r\n    }\r\n  });\r\n  drawPlayerStats(currentPlayerAllStats);\r\n  window.requestAnimationFrame(anim);\r\n}\r\n\r\ngetPlayerStats(one);\r\ngetPlayerStats(two);\r\ngetPlayerStats(three);\r\ngetPlayerStats(four);\r\nanim();\r\n <\/script> \r\n<\/html>\t\t\t\t<\/div>\n\t\t\t\t<\/div>\n\t\t\t\t\t<\/div>\n\t\t<\/div>\n\t\t\t\t\t<\/div>\n\t\t<\/section>\n\t\t\t\t<section class=\"elementor-section elementor-top-section elementor-element elementor-element-8131056 elementor-section-boxed elementor-section-height-default elementor-section-height-default\" data-id=\"8131056\" data-element_type=\"section\" data-e-type=\"section\">\n\t\t\t\t\t\t<div class=\"elementor-container elementor-column-gap-default\">\n\t\t\t\t\t<div class=\"elementor-column elementor-col-100 elementor-top-column elementor-element elementor-element-d33eed8\" data-id=\"d33eed8\" data-element_type=\"column\" data-e-type=\"column\">\n\t\t\t<div class=\"elementor-widget-wrap elementor-element-populated\">\n\t\t\t\t\t\t<div class=\"elementor-element elementor-element-84084da elementor-widget elementor-widget-text-editor\" data-id=\"84084da\" data-element_type=\"widget\" data-e-type=\"widget\" data-widget_type=\"text-editor.default\">\n\t\t\t\t<div class=\"elementor-widget-container\">\n\t\t\t\t\t\t\t\t\t<p>T\u1ec9 l\u1ec7 t\u00ednh theo \u0111\u01a1n v\u1ecb %. Trong \u0111\u00f3:<\/p><p><strong>SB<\/strong>: S\u00fat b\u00f3ng ch\u00ednh x\u00e1c\u00a0<\/p><p><strong>CB<\/strong>: Chuy\u1ec1n b\u00f3ng ch\u00ednh x\u00e1c (tr\u00ean T\u1ed5ng s\u1ed1 \u0111\u01b0\u1eddng chuy\u1ec1n).<\/p><p><strong>T\u1ea0T<\/strong>: T\u1ea1t b\u00f3ng ch\u00ednh x\u00e1c v\u00e0o khu v\u1ef1c 16m50 (tr\u00ean T\u1ed5ng s\u1ed1 \u0111\u01b0\u1eddng t\u1ea1t).<\/p><p><b>TC<\/b>: Tranh ch\u1ea5p tay \u0111\u00f4i th\u00e0nh c\u00f4ng.\u00a0<\/p><p><strong>T\u1eaeC<\/strong>: T\u1eafc, l\u1ea5y b\u00f3ng th\u00e0nh c\u00f4ng (tr\u00ean T\u1ed5ng s\u1ed1 l\u1ea7n t\u1eafc, l\u1ea5y b\u00f3ng).<\/p><p><strong>TCTK<\/strong>: Tranh ch\u1ea5p tr\u00ean kh\u00f4ng th\u00e0nh c\u00f4ng.<\/p>\t\t\t\t\t\t\t\t<\/div>\n\t\t\t\t<\/div>\n\t\t\t\t\t<\/div>\n\t\t<\/div>\n\t\t\t\t\t<\/div>\n\t\t<\/section>\n\t\t\t\t<section class=\"elementor-section elementor-top-section elementor-element elementor-element-63f55e5 elementor-section-boxed elementor-section-height-default elementor-section-height-default\" data-id=\"63f55e5\" data-element_type=\"section\" data-e-type=\"section\">\n\t\t\t\t\t\t<div class=\"elementor-container elementor-column-gap-default\">\n\t\t\t\t\t<div class=\"elementor-column elementor-col-100 elementor-top-column elementor-element elementor-element-ae4141a\" data-id=\"ae4141a\" data-element_type=\"column\" data-e-type=\"column\">\n\t\t\t<div class=\"elementor-widget-wrap elementor-element-populated\">\n\t\t\t\t\t\t<div class=\"elementor-element elementor-element-d70f263 elementor-widget elementor-widget-text-editor\" data-id=\"d70f263\" data-element_type=\"widget\" data-e-type=\"widget\" data-widget_type=\"text-editor.default\">\n\t\t\t\t<div class=\"elementor-widget-container\">\n\t\t\t\t\t\t\t\t\t<p>B\u1ea3ng x\u1ebfp h\u1ea1ng<\/p><p><img fetchpriority=\"high\" decoding=\"async\" class=\"alignnone wp-image-3706 size-full\" src=\"https:\/\/khoahocthethao.vn\/wp-content\/uploads\/2022\/06\/12.png\" alt=\"\" width=\"1377\" height=\"337\" srcset=\"https:\/\/khoahocthethao.vn\/wp-content\/uploads\/2022\/06\/12.png 1377w, https:\/\/khoahocthethao.vn\/wp-content\/uploads\/2022\/06\/12-300x73.png 300w, https:\/\/khoahocthethao.vn\/wp-content\/uploads\/2022\/06\/12-1024x251.png 1024w, https:\/\/khoahocthethao.vn\/wp-content\/uploads\/2022\/06\/12-768x188.png 768w, https:\/\/khoahocthethao.vn\/wp-content\/uploads\/2022\/06\/12-310x76.png 310w, https:\/\/khoahocthethao.vn\/wp-content\/uploads\/2022\/06\/12-60x15.png 60w, https:\/\/khoahocthethao.vn\/wp-content\/uploads\/2022\/06\/12-360x88.png 360w\" sizes=\"(max-width: 1377px) 100vw, 1377px\" \/><\/p><p>\u00a0<\/p>\t\t\t\t\t\t\t\t<\/div>\n\t\t\t\t<\/div>\n\t\t\t\t\t<\/div>\n\t\t<\/div>\n\t\t\t\t\t<\/div>\n\t\t<\/section>\n\t\t\t\t<section class=\"elementor-section elementor-top-section elementor-element elementor-element-5a7cac3 elementor-section-boxed elementor-section-height-default elementor-section-height-default\" data-id=\"5a7cac3\" data-element_type=\"section\" data-e-type=\"section\">\n\t\t\t\t\t\t<div class=\"elementor-container elementor-column-gap-default\">\n\t\t\t\t\t<div class=\"elementor-column elementor-col-100 elementor-top-column elementor-element elementor-element-fa7af26\" data-id=\"fa7af26\" data-element_type=\"column\" data-e-type=\"column\">\n\t\t\t<div class=\"elementor-widget-wrap elementor-element-populated\">\n\t\t\t\t\t\t<div class=\"elementor-element elementor-element-88daf65 elementor-widget elementor-widget-heading\" data-id=\"88daf65\" data-element_type=\"widget\" data-e-type=\"widget\" data-widget_type=\"heading.default\">\n\t\t\t\t<div class=\"elementor-widget-container\">\n\t\t\t\t\t<h2 class=\"elementor-heading-title elementor-size-default\"><a href=\"https:\/\/khoahocthethao.vn\/test\/afcu23vntl.html\">Heatmap (\u1ea4n v\u00e0o \u0111\u1ea7y \u0111\u1ec3 xem full)<\/a><\/h2>\t\t\t\t<\/div>\n\t\t\t\t<\/div>\n\t\t\t\t\t<\/div>\n\t\t<\/div>\n\t\t\t\t\t<\/div>\n\t\t<\/section>\n\t\t\t\t<section class=\"elementor-section elementor-top-section elementor-element elementor-element-0edfbf7 elementor-section-boxed elementor-section-height-default elementor-section-height-default\" data-id=\"0edfbf7\" data-element_type=\"section\" data-e-type=\"section\">\n\t\t\t\t\t\t<div class=\"elementor-container elementor-column-gap-default\">\n\t\t\t\t\t<div class=\"elementor-column elementor-col-100 elementor-top-column elementor-element elementor-element-51dc403\" data-id=\"51dc403\" data-element_type=\"column\" data-e-type=\"column\">\n\t\t\t<div class=\"elementor-widget-wrap elementor-element-populated\">\n\t\t\t\t\t\t<div class=\"elementor-element elementor-element-696d046 elementor-widget elementor-widget-html\" data-id=\"696d046\" data-element_type=\"widget\" data-e-type=\"widget\" data-widget_type=\"html.default\">\n\t\t\t\t<div class=\"elementor-widget-container\">\n\t\t\t\t\t<iFrame src=\"https:\/\/khoahocthethao.vn\/test\/afcu23vntl.html\" width=\"1200\" height=\"600\" allowfullscreen><\/iFrame>\t\t\t\t<\/div>\n\t\t\t\t<\/div>\n\t\t\t\t\t<\/div>\n\t\t<\/div>\n\t\t\t\t\t<\/div>\n\t\t<\/section>\n\t\t\t\t<\/div>\n\t\t","protected":false},"excerpt":{"rendered":"<p>Gi\u1ea3i U23 Ch\u00e2u \u00c1 2022 Th\u00f4ng s\u1ed1 v\u00f2ng 1\u00a0 Vi\u1ec7t Nam Th\u00e1i Lan H\u00e0n Qu\u1ed1c Malaysia sb 0 cb 0 t\u1ea1t 0 tc 0 t\u1eafc 0 tctk 0 T\u1ec9 l\u1ec7 t\u00ednh theo \u0111\u01a1n v\u1ecb %. Trong \u0111\u00f3: SB: S\u00fat b\u00f3ng&hellip;&nbsp;<a href=\"https:\/\/khoahocthethao.vn\/index.php\/u23-afc-2022\/\" class=\"more-link\">Read More<\/a><\/p>\n","protected":false},"author":1,"featured_media":0,"parent":0,"menu_order":0,"comment_status":"closed","ping_status":"closed","template":"","meta":{"wprm-recipe-roundup-name":"","wprm-recipe-roundup-description":"","footnotes":""},"class_list":["post-3704","page","type-page","status-publish","hentry"],"_links":{"self":[{"href":"https:\/\/khoahocthethao.vn\/index.php\/wp-json\/wp\/v2\/pages\/3704","targetHints":{"allow":["GET"]}}],"collection":[{"href":"https:\/\/khoahocthethao.vn\/index.php\/wp-json\/wp\/v2\/pages"}],"about":[{"href":"https:\/\/khoahocthethao.vn\/index.php\/wp-json\/wp\/v2\/types\/page"}],"author":[{"embeddable":true,"href":"https:\/\/khoahocthethao.vn\/index.php\/wp-json\/wp\/v2\/users\/1"}],"replies":[{"embeddable":true,"href":"https:\/\/khoahocthethao.vn\/index.php\/wp-json\/wp\/v2\/comments?post=3704"}],"version-history":[{"count":34,"href":"https:\/\/khoahocthethao.vn\/index.php\/wp-json\/wp\/v2\/pages\/3704\/revisions"}],"predecessor-version":[{"id":3739,"href":"https:\/\/khoahocthethao.vn\/index.php\/wp-json\/wp\/v2\/pages\/3704\/revisions\/3739"}],"wp:attachment":[{"href":"https:\/\/khoahocthethao.vn\/index.php\/wp-json\/wp\/v2\/media?parent=3704"}],"curies":[{"name":"wp","href":"https:\/\/api.w.org\/{rel}","templated":true}]}}